*a**2 + 2*a + 4. Let y be h(-4). What is the greatest common divisor of 70 and y?
14
Suppose -5*w - 121 - 34 = 0. Let c = w - -51. Suppose -g + c = 3*g. What is the highest common factor of g and 45?
5
Let n(r) = -15*r. Let o be n(-1). Calculate the highest common factor of 60 and o.
15
Let a be ((-100)/(-10))/((2/(-5))/(-1)). Calculate the highest common divisor of a and 5.
5
Let v(m) = -42*m + 10. Let g be v(-7). Calculate the greatest common factor of g and 38.
38
Suppose -4*t - 5*i + 316 - 49 = 0, 0 = 5*i - 15. Calculate the greatest common factor of 18 and t.
9
Let o(m) = -23*m + 1. Let l be o(-1). Suppose h + l = 5*h. Calculate the greatest common divisor of 48 and h.
6
Suppose 17*x = 12*x + 5. What is the greatest common divisor of x and 9?
1
Let v be 3 + (-598)/(-10) + (-2)/(-10). Calculate the greatest common divisor of 9 and v.
9
Suppose 2*h - 8 = 0, -2*c = -6*c - 2*h - 80. Let r = 14 - c. What is the highest common divisor of 12 and r?
12
Suppose -4*f = -76 - 116. Suppose 4*k = -4*i + 440, -3*i = k + f - 162. Calculate the highest common factor of k and 12.
12
Let h = -29 + 33. What is the greatest common divisor of h and 4?
4
Let m be (3 + (-9)/3)/1. Let o = -3 + m. Let t = o - -5. What is the highest common factor of t and 22?
2
Let o = 18 - 13. Suppose -3*d + 2*j = -2, -4*j = -6*j + 4. Suppose -d*s + 13 - 3 = 0. What is the greatest common factor of o and s?
5
Let v = 101 + -68. What is the greatest common factor of 33 and v?
33
Let u(x) = -13 - x**2 + 15 + 4*x + 4*x - 11. Let v be u(5). What is the greatest common divisor of 2 and v?
2
Let k be 1624/20 - 1/5. Let w = -19 + 69. Suppose 2 - 40 = -4*t + 2*u, 5*t = 5*u + w. What is the greatest common factor of t and k?
9
Suppose 0*d = 3*d, 3*o + 5*d = 12. Suppose b + 0 - 2 = 0. What is the highest common factor of o and b?
2
Suppose 5*n = -7*n + 120. What is the highest common factor of 5 and n?
5
Let n be (-10)/(-14) + 18/63. Let j be (9 - 1) + -2 + n. What is the highest common factor of 21 and j?
7
Let l = 62 - 27. Let h be (-12 + l)*1*9. Suppose 0 = 2*o - o - 23. What is the greatest common divisor of h and o?
23
Suppose -21 = t - 2*m - 71, -120 = -3*t - 4*m. Suppose 5*q - t - 6 = 0. What is the highest common divisor of q and 50?
10
Suppose -3*z = 3, 3 = d - z - 2. Suppose 0 = -d*b + 13 + 7. Suppose -2*i + b*i - 6 = 0. Calculate the greatest common divisor of 18 and i.
2
Let z be (-3 + 18/5)*5. Suppose -6*w - 155 = -4*g - w, z*g + w - 102 = 0. What is the highest common divisor of g and 14?
7
Suppose 4*w = -3*i + 72, -5*w + 0*i + 5*i + 55 = 0. Suppose 3*t + w = 63. What is the greatest common factor of 128 and t?
16
Suppose 2*k = -2*d + 6, -2*d + 2*k + 5 = 3*k. Suppose -u + 16 = 3*b, u - b = -5*b + 18. Suppose 0 - u = -i. What is the greatest common divisor of d and i?
2
Let a = -39 + 59. Calculate the greatest common factor of 160 and a.
20
Let s = 35 + -25. Let v = 22 - -23. Suppose v = 3*o + 3*j, o - 14 = -3*j + 11. What is the greatest common factor of o and s?
10
Let o(w) = 19*w. Let x be o(1). Suppose -3*l - 3*b + 29 = 11, -2*b + x = 3*l. What is the highest common divisor of l and 28?
7
Let m be 89 + (1 - 4)/(-3). Suppose m + 0 = 2*q. Calculate the highest common factor of 18 and q.
9
Let u be -8*2/4*-11. Suppose 0*i = -5*i. Suppose i = -b + 9 + 2. What is the greatest common divisor of u and b?
11
Let p(n) = 4*n**2 + 3*n + 5. Let t be p(-2). What is the greatest common factor of t and 60?
15
Suppose 120 = -4*n - 4*v, 5*n + 0*v + 138 = v. Let i be -18*(n/(-3))/(-4). Calculate the greatest common divisor of 14 and i.
14
Let j be 63/(-12) - 1/(-4). Let t be (-3)/15 + (-36)/j. What is the highest common divisor of t and 77?
7
Suppose 5 = -2*p - 3*p - v, -2*v = 5*p + 10. Let j(f) = f**2 - f + 70. Let o be j(p). Calculate the greatest common factor of o and 10.
10
Suppose -3*d = -5*p + 867, -3*p = -4*d + d - 525. Calculate the greatest common divisor of 9 and p.
9
Let q = 34 + 109. What is the highest common factor of q and 13?
13
Suppose -87 = -5*l + 88. Calculate the highest common divisor of 14 and l.
7
Suppose 0 = -14*l + 6*l + 96. Calculate the highest common divisor of l and 15.
3
Let f(k) be the first derivative of -k**4/4 + k**3/3 + k**2/2 + 44*k + 1. Let l = -8 - -8. Let i be f(l). Calculate the greatest common divisor of 4 and i.
4
Suppose 0 = v - 1 - 7. Let y = -2 + v. Suppose 3*h + 23 = 221. What is the greatest common factor of y and h?
6
Let z(q) = 10*q - 3. Let f be z(-4). Let d = 64 + f. Calculate the highest common factor of 189 and d.
21
Suppose -158 = -3*f + l + l, 3*f - 173 = -l. What is the highest common divisor of f and 8?
8
Let a be 2 + 25 + 6/(-3). Let g = a + -6. What is the greatest common divisor of g and 76?
19
Let j = 6 - -6. Suppose 138 = 6*w - 366. What is the highest common divisor of w and j?
12
Let p(h) = -h + 11. Let k be p(8). Suppose -3*d + 2*d = -27. Calculate the greatest common factor of k and d.
3
Let s = -1 - -81. What is the greatest common divisor of s and 16?
16
Suppose 0*h = -3*h + 405. Let l(t) = t**2 + 9*t + 2. Let q be l(-9). Suppose -i + h = q*i. What is the greatest common divisor of i and 18?
9
Suppose -n + 0 = -4, -5*h = -2*n - 2. What is the highest common factor of 2 and h?
2
Suppose -2*a + 3*a = 0. Suppose a = 3*k - 4*k + 2. Suppose -k*y + 153 + 40 = -o, -4*y = -4*o - 380. Calculate the greatest common divisor of y and 14.
14
Let n(q) = q**2 + q + 18. Let a(s) = -s + 6. Let f be a(6). Let v be n(f). What is the greatest common factor of v and 9?
9
Let z be 2 + 171/4 - (-3)/(-4). What is the highest common factor of 55 and z?
11
Let b = 62 - 4. Calculate the greatest common factor of 87 and b.
29
Suppose -5*s + 6 + 14 = 0. Suppose -5*x + 1 = s*t - 0, 2*x = -2*t. Suppose -x + 13 = 3*g. What is the highest common divisor of 10 and g?
2
Let b = -45 - -160. Calculate the highest common factor of 46 and b.
23
Suppose -2*u + 11 = m, 5*m - 2*u - 9 = 46. Let x(k) = -k**2 + 13*k - 13. Let d be x(m). Let j = 64 - 1. What is the greatest common factor of j and d?
9
Let o = -41 - -59. Let t = o - 13. Suppose t*l + 30 = 2*z + 7, -3*z - 5*l + 22 = 0. What is the greatest common factor of z and 81?
9
Let m(h) = h**2. Suppose 3*x = -5*a + 10, -x - x - 5*a + 5 = 0. Let b be m(x). Calculate the greatest common divisor of b and 5.
5
Let w(y) = y**3 + 6*y**2 + 3*y + 6. Let m be w(-5). What is the greatest common factor of 48 and m?
16
Suppose -3*h + 5 = -2*h. Suppose -5*b - 15 = 0, -3*m - 7*b = -2*b. What is the greatest common factor of h and m?
5
Let j = -16 + 38. What is the highest common divisor of j and 22?
22
Let r be ((-8)/(-6))/((-2)/(-45)). Let v = -8 - -11. What is the greatest common divisor of r and v?
3
Suppose 2*z + 0*f + 2*f = 140, 5*z = -3*f + 350. Suppose r = -4*r + z. Let g = r + -9. What is the highest common factor of 15 and g?
5
Suppose -3*o + 0 = 3. Let d be ((-13)/(2 - 1))/o. Suppose -2*j + 3*v = -90, -j + 19 = -0*v + 5*v. Calculate the greatest common factor of d and j.
13
Let a be 194/22 - (-2)/11. Let o = a - 4. Suppose h + 218 = 3*d, o*h - h - 280 = -4*d. Calculate the highest common factor of 9 and d.
9
Let r = -409 - -829. Calculate the highest common divisor of 60 and r.
60
Let i = -41 + 50. What is the highest common divisor of 72 and i?
9
Suppose -g - 22 + 102 = 0. Let a(y) = -y**2 + 6*y + 5. Let w(u) = u - 4. Let d be w(9). Let t be a(d). Calculate the highest common factor of t and g.
10
Suppose -5*f + 61 = 11. Calculate the greatest common divisor of 15 and f.
5
Let z be 10/(-4)*(-812)/145. Suppose 0*d - 3*d = -462. Calculate the greatest common divisor of d and z.
14
Suppose 0 = -5*w - 5*x + 875, w - 21 = x + 156. What is the highest common divisor of 16 and w?
16
Suppose 5*v - x + 45 = -4*x, -3*v - 2*x = 28. Let q = v + 13. Let k be (0 - -3)/(1/q). What is the greatest common factor of 14 and k?
7
Let a be -6*4/((-16)/10). Suppose -d = -0*d - a. Suppose -3*l + l = 4, 4*g + l - 658 = 0. Calculate the highest common divisor of g and d.
15
Let w be (-4)/(-18) + 388/36. Suppose 0*f = 4*f + 3*j - 19, 4*j - 23 = -3*f. What is the greatest common divisor of w and f?
1
Suppose 3*w - 1040 = -2*w. What is the greatest common divisor of w and 26?
26
Suppose -6*n + 763 = -101. Calculate the highest common div